- 20*x + 16. Let n(h) = -h**2 - 4*h + 3. Let f(a) = -2*d(a) + 11*n(a). Calculate the remainder when 26 is divided by f(-3).
2
Let b(i) = -i**3 - 8*i**2 - 9*i + 7. Let m(z) = z**2 - 5*z - 3. Let x be m(4). Calculate the remainder when 40 is divided by b(x).
19
Let l = -17 + 28. Suppose 0 = 5*q + 1 - l. What is the remainder when 7 is divided by (q + -1)*-1*-2?
1
Suppose -390 = -2*w - 266. What is the remainder when w is divided by 17?
11
Suppose b = p, -p - 12 = -0*p - 5*b. What is the remainder when 28 is divided by p?
1
Suppose -13*f + 4788 = f. Suppose 4*z - f = -5*z. What is the remainder when 189 is divided by z?
37
Suppose -q + 2*q - 2 = 0. What is the remainder when 1 is divided by (-1 - 0)/q*-2?
0
What is the remainder when ((-11)/((-11)/(-10)))/2 - -317 is divided by 21?
18
Let b = 924 - 915. What is the remainder when 150 is divided by b?
6
Let c(j) = 103*j**3 + j**2 - 1. Let n = -86 + 121. Calculate the remainder when c(1) is divided by n.
33
Let y(v) = -v. Let h(n) = 5*n - 15. Let m(k) = 2*h(k) + 2*y(k). Calculate the remainder when m(5) is divided by 4.
2
Let u = 17 - 15. Let s be (1/u)/(1/18). Calculate the remainder when 19 is divided by 0 - (-3 - s - -1).
8
Suppose 3*c - l - 63 - 37 = 0, -c = 3*l - 50. What is the remainder when c is divided by 24?
11
Let m(i) = i**3 - 35*i**2 + 73*i + 116. What is the remainder when m(33) is divided by 111?
14
Let v = 2311 + -2293. Let q = 185 - 119. Calculate the remainder when q is divided by v.
12
Suppose -5*h + 50 = -3*h. Let p be (9/(9/(-2)))/(-1). What is the remainder when h is divided by (-13)/(-2)*p/(-2)*-2?
12
Suppose 3*n - 2*i - 23 = 0, 4*i = -2*n + 5*n - 31. Suppose -n = x, 0 = -5*h - 0*h - 2*x + 25. Calculate the remainder when 34 is divided by h.
6
Let l be -3 + 7 - (-4)/(-2). Suppose 0 = -3*x - l*x + 5. Let b = -215 - -216. Calculate the remainder when b is divided by x.
0
Suppose -2*m - 2 + 10 = 0. Suppose m*h = 2*s - 1 + 41, 0 = -4*h - 4*s + 52. What is the remainder when 42 is divided by (22/(-6))/(h/(-33))?
9
Let z(i) = -2*i - 1. Let n(u) = u**3 - 7*u**2 + 4*u - 13. Let y be n(7). What is the remainder when z(-1) is divided by (3/y)/(1/5)?
0
Suppose 3 = -h, 0 = -2*w - 2*h - 3 + 15. Suppose 0 = -5*b - 0*b + 10. Suppose 2*k = k + 4, p - 34 = -b*k. Calculate the remainder when p is divided by w.
8
What is the remainder when (-4 + 5)/(-2)*(5 + -89) is divided by 22?
20
Suppose 4*b = 4*s - 80, 2*b - 76 = -5*s - b. Suppose -g + 32 = 1. Calculate the remainder when g is divided by s.
14
Let y = -56 + 32. Let x = y - -40. Calculate the remainder when (-121)/(-2) - (-3)/6 is divided by x.
13
What is the remainder when 117 is divided by 8 + 2 - (-625)/25?
12
Suppose -3*n - 6 = -18. Let w(q) = -q + 4. Let y be w(n). Suppose -p - v + 13 = y, 3*p - 28 = -v + 11. Calculate the remainder when p is divided by 5.
3
Let x be 9/90 + (-303)/30. Let a(q) = q + 21. Calculate the remainder when 28 is divided by a(x).
6
Let x be 2 - (-1 - -2)/(-1). Suppose 46 = 8*y - 26. Calculate the remainder when (1 + x)/(2/13) is divided by y.
8
Suppose 2*k + 64 = 4*k. Let y(u) = -13*u - 30. What is the remainder when k is divided by y(-3)?
5
Let j(l) = 4*l**3 + 4*l**2 - 6. Let y be j(-3). What is the remainder when 28 is divided by 0 + (-3)/(-1) - y/6?
12
Let o = -18 - -18. Suppose o = w + 3*w - 16. Suppose -i = -w*k + 20, 3*k + 2*i + 2 = 7*i. Calculate the remainder when 17 is divided by k.
5
Let c(i) = i**2 + 3*i + 3. Suppose 5*a + 17 = -3, 3*d - 5*a = 11. What is the remainder when 9 is divided by c(d)?
0
Let b(t) = 3*t - 1. Let v be b(3). Suppose 3*z + v = z, -a - 4*z - 11 = 0. Calculate the remainder when a is divided by ((-3)/5)/((-4)/20).
2
Let h = 13 - 13. Suppose 3*x - 3*t - 72 = h, 0*x = -x + 2*t + 20. What is the remainder when x is divided by 8?
4
Let j = 334 - 312. Calculate the remainder when 87 is divided by j.
21
Let k = 4 - 0. Suppose 3*y - 109 = -k. Let i = y + -25. Calculate the remainder when 26 is divided by i.
6
Let s(n) = 1 - 13*n - 7*n + 6*n. Suppose 3*o = -0*v + 3*v - 12, -2*v - 2*o = 12. What is the remainder when 44 is divided by s(v)?
14
Suppose -n = -2*n. Suppose 5*b = b - 5*m + 204, b + 3*m - 58 = n. Suppose -3*d + z + b = 3*z, d = 2*z + 26. What is the remainder when 51 is divided by d?
15
Let y be (-2 + -3)*(-9)/(-5). What is the remainder when 43 is divided by (-8)/((y/(-6))/(-3))?
11
Suppose 3*s + 5*n = 4*s - 73, -4*s + 4*n = -260. What is the remainder when s is divided by 496/14 - 36 - (-81)/7?
8
Suppose 365 = 4*z - f, 0 = -z + f - 4*f + 75. Suppose 0 = 5*l - 10*l + z. What is the remainder when 34 is divided by l?
16
Let t(z) = -24*z - 123. What is the remainder when 460 is divided by t(-9)?
88
Suppose 0 = -2*y - 4*h, 6*h - 4*h = -4. Suppose 59*l - 479 = 937. Calculate the remainder when l is divided by y.
0
Let i(l) = -3*l**2 + 20*l - 8. Let q(v) = 7*v**2 - 41*v + 17. Let z(u) = -5*i(u) - 2*q(u). What is the remainder when z(20) is divided by 25?
21
Suppose -2*g = d + 16 - 15, 0 = 2*d - 3*g - 33. Calculate the remainder when -2 - 0 - (-22 - -4) is divided by d.
7
Let s(r) = 2*r + 2. Let c = -41 - -10. Let l = -20 - c. Calculate the remainder when s(l) is divided by 14.
10
Suppose 0 = -k - 4*n + 19 + 7, 5*n - 20 = 0. Let i(b) = b + 13. Let s be i(-10). Suppose -p - s*p = -72. What is the remainder when p is divided by k?
8
Suppose t - 42*t + 3157 = 0. What is the remainder when 301 is divided by t?
70
Suppose 2*o = o. Suppose t - 2*b - 72 = 0, 2*b = -2*t - o*b + 174. Calculate the remainder when t is divided by 17.
14
What is the remainder when 1/((-14)/(-704)) - (-50)/(-175) is divided by 31?
19
What is the remainder when 681 is divided by (-45)/180 + (-77)/(-4)?
16
Suppose 0*v = 9*v - 72. What is the remainder when 44 is divided by v?
4
Let l = -276 + 299. What is the remainder when 114 is divided by l?
22
Let z = 217 - 215. Calculate the remainder when 10 is divided by z.
0
Let m = 120 + 75. Calculate the remainder when m is divided by 53.
36
Let w = -16 + 0. Let p(f) = -f**3 - 15*f**2 + 16*f + 14. Calculate the remainder when p(w) is divided by 7.
0
Let k = -1923 - -2338. What is the remainder when k is divided by 38?
35
Let o be (-3)/1*(91/(-21) - -6). Let s(z) = -z**3 - 3*z**2 + 2*z - 18. Calculate the remainder when s(o) is divided by 3.
1
Suppose 2 = d - 2*g, -3*g + 20 + 10 = 4*d. Suppose -7*c + 39 = -d*c. What is the remainder when c is divided by (20/(-25))/((-4)/70)?
11
Let x(a) = -a**2 + 13*a - 37. Let f be x(6). Suppose f*k - 2 = 18. Let w = 12 - -2. What is the remainder when w is divided by k?
2
Let r(j) = 64*j - 193. What is the remainder when r(5) is divided by 70?
57
Let v = 2652 + -2627. Calculate the remainder when 111 is divided by v.
11
Let w(j) = -17*j**2 + 2*j + 1. Let f be w(-1). Let g be ((-6)/f)/((-1)/(-3)). Calculate the remainder when 13 is divided by (g/(-2))/(1/(-14)).
6
Suppose 0*j - 3*c - 126 = -3*j, -4*c = 3*j - 112. Suppose -q + 5*q - 3*r = -92, -4*q - 92 = 5*r. Let l = q + j. What is the remainder when 65 is divided by l?
14
Suppose -3*m = -37 + 136. Let s(x) = 23*x. What is the remainder when s(2) is divided by (32/(-3))/(22/m)?
14
Let s(u) = u**2 - 32*u + 70. Let c be s(31). What is the remainder when 640/6 + 52/c is divided by 30?
18
Suppose 2150*w + 138 = 2153*w. Calculate the remainder when w is divided by 25.
21
Let d be (5 - (2 - 0)) + -1. Suppose -45 = -p + 15. Suppose d*h = 5*h - p. Calculate the remainder when 79 is divided by h.
19
Let t(g) = 2*g - 6. Let b be t(-14). Let d = -14 - b. Suppose -d = -2*z - 4*x, 0*z - 36 = -2*z + 4*x. Calculate the remainder when 40 is divided by z.
12
Let h = -5 + 8. Suppose -21 = -2*m + 5*m. Let p = 10 + m. What is the remainder when p is divided by h?
0
Let f be -2 + -1 + 0 - 0. Let m be f/(-9)*3*4. Suppose -m*g - g + 165 = 0. Calculate the remainder when g is divided by 9.
6
Let c be 1/(-6)*-3 - 5/10. Calculate the remainder when (0 - -101 - c)*(-8 + 10) is divided by 51.
49
Let c = 29 - 23. What is the remainder when 13 is divided by (8/(-16))/((-1)/c)?
1
Let s(k) = -9*k + 80. Suppose -2*b = -3*b + 5*w + 43, 2*w = -3*b + 180. What is the remainder when b is divided by s(7)?
7
Suppose 10*u - 25 = 5*u. Suppose 5*s = -3*r + 68, r = u*s - s - 68. Suppose -l + 57 = 3*a - 25, 0 = l + 5. Calcula